2, what is -110100001010 - -1111?
-110011111011
In base 15, what is c65472 + 2?
c65474
In base 5, what is 1 - 224411?
-224410
In base 8, what is -36 + 13215?
13157
In base 3, what is 1220 + 11012000?
11020220
In base 16, what is -e - 1eec1?
-1eecf
In base 9, what is 23 - -173367?
173401
In base 13, what is -9743 + 3?
-9740
In base 8, what is 1352 + -130?
1222
In base 15, what is -1686 - 6?
-168c
In base 2, what is 101111010011011010 - -1110?
101111010011101000
In base 11, what is 0 - 329081?
-329081
In base 7, what is -10 - -10005?
6665
In base 14, what is -4 + 4164b8?
4164b4
In base 10, what is -8 + -30393?
-30401
In base 13, what is -2c9b + -1?
-2c9c
In base 16, what is 17cfe - 6?
17cf8
In base 11, what is -4 - 10881?
-10885
In base 13, what is 912 - -28?
93a
In base 7, what is -116 - -10043?
6624
In base 5, what is -21031224 - -4?
-21031220
In base 16, what is 58 - -392?
3ea
In base 4, what is 11200330 - -3?
11200333
In base 14, what is 80 + 3d?
bd
In base 7, what is -565 - -2?
-563
In base 7, what is -44 - 450?
-524
In base 5, what is -3 + -11024412?
-11024420
In base 11, what is -10 + 157?
147
In base 7, what is -15 + -224313?
-224331
In base 4, what is -333 + -3012?
-10011
In base 13, what is 1376c + 5?
13774
In base 9, what is -1 - 81668?
-81670
In base 10, what is -4 + 74110?
74106
In base 5, what is 13 - 43310?
-43242
In base 13, what is -5c + 17c?
120
In base 14, what is -8c + -2059?
-2107
In base 14, what is 2 - -9c99?
9c9b
In base 10, what is -4926 - 4?
-4930
In base 16, what is 5 + 6cc?
6d1
In base 11, what is -3 + -716657?
-71665a
In base 2, what is 1001110001101 - -1?
1001110001110
In base 3, what is 21102221 + 200?
21110121
In base 7, what is -353140 + -12?
-353152
In base 12, what is 11752 + 113?
11865
In base 2, what is -1110111010010111000 - 10?
-1110111010010111010
In base 6, what is 1115 - -1353?
2512
In base 8, what is 56 - 401?
-323
In base 4, what is -20 - 1210031?
-1210111
In base 16, what is 4 + 395d?
3961
In base 12, what is 67b0 + -2?
67aa
In base 7, what is 5 - -534443?
534451
In base 14, what is 10d - 37d?
-270
In base 9, what is 5 + 10704?
10710
In base 13, what is -1a - 90?
-aa
In base 9, what is 2188803 - -3?
2188806
In base 9, what is 214 + -232?
-17
In base 15, what is -2 + 3ac6?
3ac4
In base 12, what is 1 - -6247?
6248
In base 8, what is 32751 + 24?
32775
In base 5, what is -100133022 - -4?
-100133013
In base 5, what is -4131 + -2304?
-11440
In base 11, what is -6 + 3324?
3319
In base 8, what is -16311 - 6?
-16317
In base 4, what is -10 + 33222001?
33221331
In base 16, what is 2 - -96df?
96e1
In base 11, what is 848 - -4?
851
In base 9, what is -33 - 63802?
-63835
In base 3, what is 220120100101 - 0?
220120100101
In base 14, what is 4a01 + 3?
4a04
In base 2, what is -1011110101110001100 + -11?
-1011110101110001111
In base 8, what is -5 + 6215?
6210
In base 13, what is 5 + c4622?
c4627
In base 2, what is -10100 + -11100111100011000?
-11100111100101100
In base 12, what is -3a5a3 - 46?
-3a629
In base 11, what is 2a2 + 1433?
1725
In base 9, what is 374858 - -5?
374864
In base 9, what is 22 + 5031?
5053
In base 10, what is 6 - -11351?
11357
In base 12, what is 189562 - -3?
189565
In base 7, what is -11313 + 10?
-11303
In base 7, what is -154165 - -11?
-154154
In base 16, what is 26747 - -5?
2674c
In base 12, what is -1 + -161b94?
-161b95
In base 10, what is -1761 - 840?
-2601
In base 15, what is -ca2b - -3?
-ca28
In base 9, what is -1857361 - -6?
-1857354
In base 9, what is 68 + -122714?
-122635
In base 10, what is 24 + -19362?
-19338
In base 3, what is 1220220222 + -10?
1220220212
In base 4, what is 1 - -11013310?
11013311
In base 4, what is -3 + 221213003?
221213000
In base 10, what is -3070 - -19?
-3051
In base 16, what is -3 + -1076a?
-1076d
In base 10, what is -86309 + -5?
-86314
In base 14, what is -a9 + -28a7?
-2972
In base 3, what is 12110 + 12?
12122
In base 7, what is 550 - -33450?
34330
In base 8, what is 14 - 10557?
-10543
In base 3, what is -2 + 1221220?
1221211
In base 8, what is -52526 + 1?
-52525
In base 8, what is -3216 + 10?
-3206
In base 15, what is -326b - 5?
-3271
In base 6, what is 3341 - 2050?
1251
In base 3, what is -10011 + -2222?
-20010
In base 8, what is -4 - -473103?
473077
In base 12, what is 20bb - -9?
2108
In base 8, what is -171 - 410?
-601
In base 8, what is 3 + -32166?
-32163
In base 15, what is 62 + 5adc?
5b4e
In base 6, what is -1553 - -254?
-1255
In base 7, what is -5 + 400205?
400200
In base 14, what is -220 + 861?
641
In base 13, what is 20 - 2088?
-2068
In base 7, what is 62530 + 6?
62536
In base 16, what is 9 - -61ef?
61f8
In base 3, what is 10 - -221201122?
221201202
In base 5, what is 4212031 + -3?
4212023
In base 5, what is -10 - -14341102?
14341042
In base 8, what is 1 - -53661?
53662
In base 15, what is -28ee + -16?
-2915
In base 3, what is -10 + 21101202110?
21101202100
In base 12, what is 33b196 - 3?
33b193
In base 16, what is -3 - 3282?
-3285
In base 14, what is -1ca + -8a?
-276
In base 5, what is -34 - 341312?
-341401
In base 5, what is -3433211 + 104?
-3433102
In base 9, what is 1 + 241227?
241228
In base 13, what is -71c - b3?
-802
In base 13, what is -2 + -aa281?
-aa283
In base 8, what is -2142 + -37?
-2201
In base 10, what is -112308 + 6?
-112302
In base 7, what is -111250 + -3?
-111253
In base 7, what is 46 + -2061?
-2012
In base 9, what is 0 + -205514?
-205514
In base 5, what is 30 + 42032?
42112
In base 3, what is -11221202000 + -111?
-11221202111
In base 13, what is 5 - -30050?
30055
In base 11, what is -17755 - 19?
-17773
In base 2, what is 1001001011101101 + 10110?
1001001100000011
In base 5, what is -13 + 1034110?
1034042
In base 7, what is 1002522 + 5?
1002530
In base 11, what is -7 - 10504?
-10510
In base 13, what is -3a5b2 + 0?
-3a5b2
In base 7, what is 3 + -12440?
-12434
In base 15, what is -1d0 - -1a0e?
182e
In base 7, what is -1022023 + -1?
-1022024
In base 15, what is 515 - -a1?
5b6
In base 11, what is -2635a + -4?
-26363
In base 7, what is 2 - 20202?
-20200
In base 13, what is -c420 - 0?
-c420
In base 5, what is -41310102 - 13?
-41310120
In base 6, what is 1141 + -10443?
-5302
In base 7, what is 2 - 26301?
-26266
In base 11, what is -36823 + -7?
-3682a
In base 5, what is -130 - 24?
-204
In base 12, what is -41976a + -3?
-419771
In base 6, what is -14504 - -2053?
-12411
In base 3, what is -2 - -10100022212?
10100022210
In base 6, what is -2 + 452220?
452214
In base 4, what is 12 + 122022003?
122022021
In base 16, what is 39da - 4?
39d6
In base 7, what is -46506 - 12?
-46521
In base 8, what is 61443 + -377?
61044
In base 10, what is 62573 - -3?
62576
In base 9, what is -8 + 6442?
6433
In base 6, what is 100 + -12515?
-12415
In base 8, what is 1 - -7070?
7071
In base 10, what is -92491 - -5?
-92486
In base 14, what is 10 + -ac18?
-ac08
In base 16, what is b5 - 354?
-29f
In base 5, what is 121402043 - 10?
121402033
In base 13, what is 3761 - -3?
3764
In base 13, what is 5 - -4bb8?
4bc0
In base 16, what is -cc9f - -1?
-cc9e
In base 14, what is 3b674 - -1b?
3b691
In base 16, what is -19e5 + 52?
-1993
In base 3, what is -1 + -1212012101?
-1212012102
In base 16, what is 10 + -2d74f?
-2d73f
In base 7, what is -13 - -33620?
33604
In base 15, what is 5 + -2bcb2?
-2bcac
In base 2, what is -1101010010010 - -10000?
-1101010000010
In base 7, what is -2252 + -11?
-2263
In base 10, what is 1373 - 539?
834
In base 9, what is -12877 + -5?
-12883
In base 7, what is -5 + -20331?
-20336
In base 7, what is -505053 + 14?
-505036
In base 9, what is 0 - 3363?
-3363
In base 7, what is -3 - -3312?
3306
In base 14, what is 6 - -9cd?
9d5
In base 6, what is -510211 + 1?
-510210
In base 11, what is 182 - 697?
-515
In base 7, what is -2 - -61102?
61100
In base 10, what is -1015 - -481?
-534
In base 2, what is 1100010000010010 + -11?
1100010000001111
In base 10, what is 2519 + -1281?
1238
In base 8, what is 0 - -5771?
5771
In base 12, what is 5 + 2a23b?
2a244
In base 7, what is -13 + 63123?
63110
In base 3, what is -100112 + -1000?
-101112
In base 13, what is 76b9ab - -1?
76b9ac
In base 7, what is -2 - 3214?
-3216
In base 4, what is -221200 - 110?
-221310
In base 6, what is 100 + -2054?
-1554
In base 8, what is 306034 - 10?
306024
In base 2, what is -111 + -111101011010011?